mber?
True
Is 27046 prime?
False
Is 83689 composite?
False
Is 131837 a composite number?
False
Is 32647 a prime number?
True
Is 332495 prime?
False
Is 99419 a prime number?
False
Is 55723 a composite number?
True
Is 30029 a prime number?
True
Is 12889 a prime number?
True
Is 184373 prime?
False
Is 349237 composite?
True
Is 17371 prime?
False
Is 26141 a prime number?
True
Is 24889 prime?
True
Is 4561 a composite number?
False
Is 517 composite?
True
Is 407 prime?
False
Is 148729 a prime number?
False
Is 898115 prime?
False
Is 748589 prime?
True
Is 4967 a composite number?
False
Is 665915 a prime number?
False
Is 742111 a prime number?
True
Is 6809 a prime number?
False
Is 190001 a composite number?
True
Is 13537 prime?
True
Is 42523 a prime number?
False
Is 77509 a composite number?
False
Is 89473 a prime number?
False
Is 4247 composite?
True
Is 30467 prime?
True
Is 10643 prime?
False
Is 14071 a prime number?
True
Is 117959 prime?
True
Is 8141 composite?
True
Is 2818 prime?
False
Is 5021 composite?
False
Is 839 prime?
True
Is 15467 composite?
False
Is 18007 a prime number?
False
Is 141001 a composite number?
True
Is 2215 prime?
False
Is 136159 composite?
True
Is 544571 a prime number?
False
Is 1355 a prime number?
False
Is 2099 composite?
False
Is 10133 a composite number?
False
Is 107269 a composite number?
False
Is 15338 prime?
False
Is 1397633 a prime number?
True
Is 1591 a prime number?
False
Is 68421 a prime number?
False
Is 53359 a prime number?
True
Is 8353 composite?
False
Is 1253 prime?
False
Is 8191 prime?
True
Is 91187 prime?
False
Is 622 a prime number?
False
Is 29703 composite?
True
Is 58306 a prime number?
False
Is 60657 composite?
True
Is 2488553 composite?
False
Is 10999 a composite number?
True
Is 2027 prime?
True
Is 231649 composite?
True
Is 10487 composite?
False
Is 102481 a prime number?
True
Is 58469 composite?
True
Is 1693 prime?
True
Is 19697 composite?
False
Is 2659 a composite number?
False
Is 85929 prime?
False
Is 81797 a prime number?
False
Is 3113 composite?
True
Is 1125447 a prime number?
False
Is 47669 a composite number?
True
Is 255946 a composite number?
True
Is 478913 a prime number?
True
Is 269839 prime?
False
Is 35909 a composite number?
True
Is 51379 prime?
False
Is 1065173 prime?
True
Is 13367 composite?
False
Is 15223 a prime number?
False
Is 22993 a composite number?
False
Is 16877 a composite number?
True
Is 25409 composite?
False
Is 429185 prime?
False
Is 167407 prime?
True
Is 8513 a composite number?
False
Is 8861 a composite number?
False
Is 4939 prime?
False
Is 134023 prime?
False
Is 22187 prime?
False
Is 587471 prime?
False
Is 5563 a composite number?
False
Is 219101 a prime number?
False
Is 24749 a composite number?
False
Is 7717 a prime number?
True
Is 1211 composite?
True
Is 2819 composite?
False
Is 15793 prime?
False
Is 2013223 prime?
False
Is 175543 a composite number?
False
Is 12851 a composite number?
True
Is 537877 a composite number?
False
Is 12953 composite?
False
Is 574469 a prime number?
False
Is 65629 composite?
False
Is 1530863 a prime number?
True
Is 83041 a prime number?
False
Is 961431 prime?
False
Is 552743 a composite number?
True
Is 31963 composite?
False
Is 33107 composite?
False
Is 331 composite?
False
Is 797 composite?
False
Is 2259941 a prime number?
False
Is 468863 prime?
False
Is 82735 prime?
False
Is 57481 a prime number?
False
Is 356501 a composite number?
False
Is 56659 a composite number?
False
Is 24653 prime?
False
Is 662989 a composite number?
True
Is 595801 a composite number?
False
Is 34631 a prime number?
True
Is 1401311 composite?
True
Is 194 a prime number?
False
Is 79757 a prime number?
True
Is 9382 prime?
False
Is 1477477 composite?
False
Is 19693 prime?
False
Is 2797159 composite?
False
Is 58613 a prime number?
True
Is 122819 composite?
False
Is 2459 composite?
False
Is 769 prime?
True
Is 67911 a composite number?
True
Is 256574 composite?
True
Is 2004293 prime?
True
Is 939943 a composite number?
True
Is 15877 a composite number?
False
Is 722119 prime?
True
Is 16033 a prime number?
True
Is 2102 a prime number?
False
Is 27329 a composite number?
False
Is 13217 a prime number?
True
Is 496157 a prime number?
False
Is 36433 a composite number?
False
Is 86491 prime?
True
Is 3866 a composite number?
True
Is 1415257 composite?
True
Is 111614 a prime number?
False
Is 94709 composite?
False
Is 56569 a prime number?
True
Is 64733 composite?
True
Is 34373 composite?
True
Is 68743 a composite number?
False
Is 3401 composite?
True
Is 120005 a composite number?
True
Is 36893 composite?
True
Is 40954 a composite number?
True
Is 69959 a prime number?
True
Is 112121 a prime number?
True
Is 231783 a prime number?
False
Is 16333 composite?
False
Is 633 a prime number?
False
Is 119693 a composite number?
True
Is 2609807 prime?
False
Is 546197 composite?
False
Is 26583 a composite number?
True
Is 5773 a composite number?
True
Is 41153 a composite number?
True
Is 353263 a prime number?
True
Is 44207 a composite number?
False
Is 8231 a prime number?
True
Is 29485 composite?
True
Is 49727 composite?
False
Is 296511 a prime number?
False
Is 1827841 composite?
True
Is 77905 a prime number?
False
Is 40217 a prime number?
False
Is 3323 composite?
False
Is 18017 prime?
False
Is 123929 a composite number?
True
Is 1508699 a prime number?
False
Is 33457 a composite number?
False
Is 41155 composite?
True
Is 118583 composite?
False
Is 28637 prime?
False
Is 18254 composite?
True
Is 93629 a composite number?
False
Is 17233 prime?
False
Is 103811 a prime number?
True
Is 43799 a prime number?
False
Is 22547 prime?
False
Is 15349 prime?
True
Is 82941 composite?
True
Is 354911 composite?
False
Is 13499 composite?
False
Is 20563 composite?
False
Is 5400511 composite?
False
Is 443614 a composite number?
True
Is 34607 a prime number?
True
Is 20089 prime?
True
Is 541 a composite number?
False
Is 45937 a composite number?
True
Is 410929 a composite number?
False
Is 5147 a prime number?
True
Is 18267 composite?
True
Is 47759 a prime number?
False
Is 163109 composite?
False
Is 423569 a prime number?
False
Is 4252321 a prime number?
False
Is 6547 a composite number?
False
Is 352813 prime?
True
Is 210389 a composite number?
True
Is 937 a composite number?
False
Is 495103 a composite number?
True
Is 151234 a prime number?
False
Is 102511 a composite number?
True
Is 266017 a composite number?
True
Is 2923 composite?
True
Is 6443 composite?
True
Is 13811 a prime number?
False
Is 2557 prime?
True
Is 73043 a composite number?
False
Is 68507 prime?
True
Is 93407 a composite number?
False
Is 11863 composite?
False
Is 7027 composite?
False
Is 52791 prime?
False
Is 22147 a prime number?
True
Is 187835 prime?
False
Is 6559 prime?
False
Is 53653 composite?
False
Is 2449 a composite number?
True
Is 346627 prime?
True
Is 147341 prime?
True
Is 1009 a prime number?
True
Is 517901 composite?
False
Is 9127 a prime number?
True
Is 20053 prime?
False
Is 14029 prime?
True
Is 4169 a composite number?
True
Is 129167 composite?
True
Is 4299 composite?
True
Is 99353 prime?
False
Is 2886437 composite?
True
Is 140257 a composite number?
True
Is 251439 prime?
False
Is 72827 a prime number?
False
Is 13739 a prime number?
False
Is 578299 a composite number?
False
Is 504565 a prime number?
False
Is 4861 prime?
True
Is 33923 composite?
False
Is 326537 a composite number?
False
Is 618881 prime?
False
Is 359 a prime number?
True
Is 9181 composite?
False
Is 14971 composite?
True
Is 46077 prime?
False
Is 257707 composite?
False
Is 2161 prime?
True
Is 1030531 a composite number?
True
Is 196799 composite?
False
Is 1120511 a composite number?
True
Is 2018887 a composite number?
True
Is 361993 composite?
False
Is 2411 a composite number?
False
Is 34519 prime?
True
Is 172915 a prime number?
False
Is 131023 a prime number?
True
Is 110359 prime?
True
Is 457163 composite?
True
Is 8311 a prime number?
True
Is 209629 a prime number?
False
Is 35474 a composite number?
True
Is 765217 a composite number?
True
Is 1171187 prime?
False
Is 7367 prime?
False
Is 93569 a prime number?
False
Is 71741 prime?
True
Is 128761 composite?
False
Is 75479 a prime number?
True
Is 16841 a composite number?
True
Is 2850069 a composite number?
True
Is 1277 composite?
Fals